is the tens digit of l?
3
Suppose 8*r = -5*i + 5*r + 47438, -2*i = -2*r - 18956. What is the units digit of i?
4
Suppose 2*f + 31 = g + 10, 0 = -5*f - 15. Suppose 2*l + 18 = 4*w, g + 6 = -4*l + 5*w. What is the tens digit of -5 + 2 - l*-85?
8
Let r(v) be the third derivative of 1/20*v**5 - 7/3*v**3 + 6*v**2 + 0 - 5/8*v**4 + 0*v. What is the tens digit of r(7)?
2
Let d(t) = t**3 - 35*t**2 - 1047*t - 1. What is the units digit of d(56)?
3
What is the tens digit of (-315)/21 - (-9250 + -1)?
3
What is the hundreds digit of (-24164)/(-6) - (-8)/12?
0
Let y = -31 - -34. Suppose 2*x + 6 = 3*r + 2, y*x = 5*r - 7. Suppose -v = -r*k + 112, 5*k - 315 + 9 = -4*v. What is the units digit of k?
8
Let v be (-69)/46 - (-1 + 9/(-2)). Suppose 4*z - 327 = v*r - 2179, -2*r + 934 = -4*z. What is the hundreds digit of r?
4
What is the ten thousands digit of (-180)/(((-38)/(-7505))/((-8)/15))?
1
Suppose -2*d + 4*s = -1118, 3*d - 38*s + 39*s = 1649. Let n = -478 + d. What is the units digit of n?
3
Let p(s) = 10*s - 19*s**2 + 45*s + 2*s**3 + 14 - 8. What is the tens digit of p(11)?
7
Suppose -164*n + 3197537 = -2525571. What is the ten thousands digit of n?
3
Let b be (-4)/(-18) - (-80)/45. Suppose 3*t + b*x - 14 = 0, 2*t = -0*t + x + 7. Suppose -f - 48 = -2*f - o, t*f - 2*o = 174. What is the tens digit of f?
4
Let a(m) = m**3 + 52*m**2 + 154*m - 461. What is the units digit of a(-47)?
6
Suppose -2*r = 10, -5*s + 3*s - 19 = 5*r. Suppose -h - j - 1093 = -s*h, 2*h - 4*j = 1090. What is the units digit of h?
7
Let x(m) = m**2 + 11*m + 45. Suppose 0 = 2*p - 5*o - 46, -p = -7*o + 9*o - 5. What is the tens digit of x(p)?
5
What is the thousands digit of ((-126165)/(-91) + 5)*14?
9
Let f = 22137 - -20268. What is the ten thousands digit of f?
4
Let o = 63507 + -30331. What is the units digit of o?
6
Let t(s) = 529*s**3 + 4*s**2 - 2*s + 9. Let f(o) = 265*o**3 + 2*o**2 + 4. Let p(w) = -5*f(w) + 2*t(w). What is the tens digit of p(-1)?
6
Suppose 422 = -2*h + 1630. Suppose -9*r - h = -13*r. What is the hundreds digit of r?
1
What is the hundreds digit of (308104/228)/((-2)/(-6))?
0
Let p = -5700 + 705. Let h be ((-16)/20)/(3/(p/6)). Suppose 5*g = -2*y + h, 2*y - g - g = 222. What is the tens digit of y?
1
Let h(b) = -7*b**3 - 10*b**2 - 5*b**2 + 58 - 7*b + 0*b**2 + 8*b**3. What is the units digit of h(16)?
2
Let p = 36 - 91. Let s = p - -100. What is the tens digit of s?
4
Suppose -4*f = 30*l - 32*l + 48290, 5*f = -l + 24089. What is the thousands digit of l?
4
Let w(b) = -2*b**3 + 6*b**2 + 15*b - 25. Let p be w(4). Suppose p*z + 4*f - 406 = 878, -3*f - 1263 = -3*z. What is the units digit of z?
4
Let f(v) = -7*v + 167. Let g be f(23). What is the tens digit of -3 + (9236/g - 10/(-15))?
3
Let f be 4/(-12)*-2*21. Suppose 0 = -2*a - 3*k - 3 + f, 4*k - 8 = 4*a. Let m(h) = 25*h**2 - 4*h + 3. What is the tens digit of m(a)?
2
Let w = 4308 + 1055. What is the thousands digit of w?
5
Suppose -5*l = 9*g - 13*g + 2897, -3*g + 3*l = -2172. What is the tens digit of (10*g/(-6))/(-1)?
0
Let n be -5*(-346806)/120 - (-1)/(-4). Suppose 14*q + 2452 = n. What is the units digit of q?
7
Let n(y) = -6*y**2 - 16*y + 4. Let c be n(-2). What is the units digit of (c - (0 + 1))*47?
7
Let v be 10/(-4 - (-46)/12). Let h be 12/16*v/(-9) - 2. Suppose -h*n = -260 - 187. What is the tens digit of n?
4
Let c = 1807 + -1044. What is the hundreds digit of c - (-5 + 8/4)?
7
Suppose -m = 4*y - 107, 7*y = 3*m + 2*y - 253. Suppose 0 = -5*w + 369 + m. Suppose -w = -5*n + k, -42 = -2*n - 0*n + 3*k. What is the tens digit of n?
1
Suppose -3*f - 12 = 4*o + o, 5*o - 20 = 5*f. Let g be -6*3/(-6) + f. What is the tens digit of (1 - g) + -3 + (51 - -3)?
5
Let i(g) = 4*g**2 + 20*g + 26. Let v be 5 + 4/(-8)*34. What is the tens digit of i(v)?
6
Let p = -816 - -1391. Suppose w + 165 = 3*g + p, 2*w - 2*g - 824 = 0. What is the tens digit of w?
1
Suppose -4*d + 7 = 3*q, -4*q - q + 7 = 2*d. Suppose 2*m + 1 = -4*n - d, -5*n - m = 10. Let b(p) = 11*p**2 + 2*p - 4. What is the tens digit of b(n)?
8
What is the tens digit of 2*((-288936)/(-32) + 4/112*7)?
5
Let s = 221 + -216. Suppose 9*m = s*m + 656. What is the hundreds digit of m?
1
Let s(n) = 88*n**2 - 20*n + 162. What is the units digit of s(8)?
4
Suppose -3*z + 14 = -88. Suppose 3*h + 50 = -124. What is the units digit of 1/(-6) + z/(-24)*h?
2
Let d = -4650 + 9125. What is the tens digit of d?
7
Let n(a) = 57*a**2 + 2*a + 2. Suppose 0 = 2*b - 3*x - 7, -2*b - 6*x = -3*x + 11. Let c be n(b). Suppose -c = -3*y + 159. What is the tens digit of y?
7
Let t = 199947 + -140594. What is the tens digit of t?
5
Let u be (3/(-2))/((-6)/12). Suppose 4 = -q, u*g - 5*q = 271 + 508. What is the units digit of g?
3
Let h(n) = n**2 + 14*n + 17. Let a be h(-16). Let m = -39 + a. Suppose -m = -5*k + 5. What is the units digit of k?
3
Let p = 128 + -1418. Let h be (1 + (-12)/4)/(4/p). Suppose -2*n + 3*w + 237 = -0*n, -5*n - 3*w + h = 0. What is the tens digit of n?
2
Suppose -d = -10 + 12. Let w be 0/((d/7)/((-6)/42)). Suppose 110 = s - 4*g, s - 5*s - g + 474 = w. What is the hundreds digit of s?
1
Suppose 1757 = -2*j + 5*a, 0 = -2*j - 3*j + 3*a - 4421. Let s = j - -1681. Suppose 6*y - s = 291. What is the units digit of y?
1
Suppose 3*i + 3*b - 46 - 8 = 0, 4*b = 8. Suppose i*h - 22996 = -4100. What is the thousands digit of h?
1
Let v(m) = -m**3 + 30*m**2 - 24*m - 88. Let j be v(29). Suppose 0*t - 87 = 3*t. Let u = t + j. What is the tens digit of u?
2
Let v(l) = l**3 - 42*l**2 + 310*l - 60. Let h be v(9). Suppose -2*o - 56 - 191 = 3*s, -5*s + 5*o = 420. Let k = h - s. What is the units digit of k?
0
Let j be ((-4)/(-14))/(-1) + (-30)/(-7). Suppose -10*k - j = -12*k. What is the units digit of (7/7)/((-2)/(-184 + k))?
1
Let i(k) be the first derivative of -k**4/4 + 3*k**3 + k**2/2 - k + 35. Let q be 3*1*(-52)/(-39). What is the tens digit of i(q)?
8
Let c(d) = 52*d - 7. Let o(m) = -10*m - 41. Let s be o(-4). Let n be (68/24 + -2)/(s/(-6)). What is the units digit of c(n)?
3
Suppose 10*y - 2*y = 128. What is the hundreds digit of 35/10 + -3 + 14168/y?
8
Suppose 241*x = -4*g + 244*x + 8622, 0 = -3*g - 4*x + 6454. What is the thousands digit of g?
2
Let k = 22578 + -6940. What is the tens digit of k?
3
Suppose -4*o - 4*m - 140 = 0, -3*m = -o - 12 - 11. Let t(z) = -z**3 - 30*z**2 + 50*z - 73. What is the tens digit of t(o)?
7
Let q be ((-40)/(-6))/((-28)/(-39186)). Suppose 0 = 101*a - 107*a + q. What is the units digit of a?
5
Suppose 0 = i + 4*i + 185. Suppose -190*a + 4*z = -195*a + 483, -198 = -2*a - 4*z. Let t = i + a. What is the tens digit of t?
5
Suppose p + 4*f - 2 = 9, p - 7 = -2*f. Suppose 0 = t + 5*i - 1945, 5*t + 2400 = -p*i + 12147. What is the thousands digit of t?
1
Suppose 96*g - 8375302 = -15*g - 31*g. What is the ten thousands digit of g?
5
Let u(a) = 3*a + 2*a**2 - 34 - 8*a - 7*a. Let z = -6 - -17. What is the units digit of u(z)?
6
Let r be 4/6*(-525)/(-14). Let k be (5 + 15/r)/((-4)/(-10)). What is the hundreds digit of k/(-2)*((-20)/(-5) + -23)?
1
Let c be ((-54)/(-5))/(6/(-20)). Let o be 25/50 + 3/(-2). Let h = o - c. What is the tens digit of h?
3
Let q = 5983 - 1743. What is the units digit of q?
0
Let n(b) = -b**3 - 18*b**2 - 51*b - 291. What is the units digit of n(-28)?
7
Let h = 69193 - 24701. What is the tens digit of h?
9
Suppose 0 = 312*d + 163*d - 41600500. What is the hundreds digit of d?
5
Suppose 192 = -5*u + 2*v - 105, -5*u = 2*v + 313. Let x = u - -110. Suppose -x = -n + 9. What is the units digit of n?
8
What is the tens digit of 6 + 25867/3 + (-24)/(-9)?
3
Let f be (-79516)/(-52) - (-14)/(-91). Let p = 2233 - f. What is the units digit of p?
4
Let r be (36/(-27))/(4/(-9)). Suppose 734 - 79 = l + 4*z, -4*l - r*z = -2633. What is the units digit of l?
9
Let z be 174/3*(-15)/6. Let o = z - -102. Let n = o + 113. What is the units digit of n?
0
Let g(m) = -m**2 + 19*m + 1. Let f be (-1)/(-2) + 45/6. Let h be g(f). Let u = h + -44. What is the units digit of u?
5
Let q(a) = 7*a + 19. Let j be q(-3). Let v(s) = -507*s - 13. What is the tens digit of v(j)?
0
Suppose -u + 3 = x, -5*x + 29*u = 27*u - 8. Suppose 5*i + 29 = 4*a - 4, -4*i = 3*a + 45. What is the units digit of x/(-10) + i*(-94)/5?
9
What is the thousands digit of 1411456/160 - (-36)/15?
8
Suppose -2